 12241192631 prime?
True
Is 227669683 a composite number?
False
Is 7879256729 prime?
True
Is 789473479 prime?
False
Is 3287468461 composite?
False
Is 1865628733 prime?
True
Is 4276476637 a composite number?
False
Is 47927582489 prime?
False
Is 265549213 composite?
False
Is 6338537879 a prime number?
False
Is 4024199657 a prime number?
False
Is 852826847 prime?
True
Is 22372309441 a prime number?
False
Is 2246507381 composite?
True
Is 231887983 prime?
True
Is 1597451059 a composite number?
False
Is 13502456837 prime?
False
Is 12967222 composite?
True
Is 257636191 a prime number?
True
Is 21758698387 prime?
False
Is 89415531421 a composite number?
True
Is 4360107671 a composite number?
True
Is 2785009289 composite?
True
Is 3787433683 composite?
True
Is 1788724127 a prime number?
True
Is 41916457693 a prime number?
False
Is 730506211 a composite number?
False
Is 3771395765 prime?
False
Is 2266690727 a prime number?
False
Is 53260771391 composite?
False
Is 8535500521 prime?
True
Is 9034446991 a composite number?
True
Is 1441318903 a composite number?
False
Is 31455668341 composite?
False
Is 1936901419 prime?
False
Is 11699647 prime?
False
Is 155922163 a composite number?
True
Is 178416254129 a prime number?
True
Is 425853343 a prime number?
False
Is 31012816391 prime?
True
Is 18381364217 a composite number?
True
Is 247231709 composite?
False
Is 1760624087 a composite number?
False
Is 684214877 composite?
False
Is 52128072047 prime?
True
Is 158781359 a composite number?
True
Is 1714816931 prime?
False
Is 23053449899 a composite number?
True
Is 826949857 a composite number?
False
Is 210357481 a prime number?
True
Is 1204809581 a prime number?
False
Is 88670617049 prime?
False
Is 111678182071 a prime number?
False
Is 83511823 a composite number?
True
Is 802780817 a composite number?
True
Is 355016347057 prime?
True
Is 60241612427 prime?
False
Is 9836821847 prime?
False
Is 15139169317 composite?
True
Is 23651773367 prime?
True
Is 6307478327 composite?
True
Is 408050477 a prime number?
True
Is 1261979687 a prime number?
True
Is 7492348999 prime?
True
Is 104411119547 a composite number?
True
Is 87217257 prime?
False
Is 2539424231 prime?
True
Is 978728021 composite?
False
Is 1174177549 composite?
True
Is 247375393973 a composite number?
True
Is 347442619 prime?
False
Is 1511650981 composite?
False
Is 534681593 a composite number?
False
Is 76673483 composite?
True
Is 5317426067 a prime number?
True
Is 6130185603 composite?
True
Is 50226222833 composite?
True
Is 13776752513 a prime number?
False
Is 1072639466 a prime number?
False
Is 4565044189 composite?
False
Is 1280174417 a composite number?
False
Is 371554199 a prime number?
True
Is 113978546887 a prime number?
False
Is 501804451 a composite number?
False
Is 28209545149 composite?
True
Is 31262492753 a composite number?
False
Is 1785085534 a composite number?
True
Is 2042445485 composite?
True
Is 4463123471 a composite number?
False
Is 3239392531 prime?
True
Is 107537185037 a composite number?
False
Is 68154954485 a composite number?
True
Is 1384985633 a prime number?
True
Is 782007241 composite?
True
Is 777404717 prime?
True
Is 155204880161 prime?
False
Is 3826066999 prime?
True
Is 47477078581 a composite number?
False
Is 3314209121 composite?
True
Is 113860127 composite?
True
Is 2349922079 prime?
False
Is 87614207 composite?
True
Is 7926925241 prime?
False
Is 7795516145 a composite number?
True
Is 41370191771 a prime number?
True
Is 667025129 composite?
False
Is 2621495941 prime?
True
Is 152760768211 a composite number?
False
Is 243485147 prime?
True
Is 856728343 composite?
False
Is 1184410618 composite?
True
Is 244577002469 a prime number?
False
Is 2242129391 a prime number?
True
Is 5517124787 a prime number?
False
Is 63737281 composite?
True
Is 85687572577 a composite number?
False
Is 349694629 a prime number?
False
Is 9792502081 composite?
True
Is 302738867 prime?
True
Is 606503659 prime?
False
Is 11728028183 a composite number?
False
Is 2021738023 composite?
True
Is 4217080757 a prime number?
False
Is 123618059 a composite number?
True
Is 77568247409 prime?
False
Is 7136991157 a prime number?
False
Is 2284414655 a prime number?
False
Is 31612346327 a composite number?
False
Is 1877420491 a composite number?
False
Is 3871346551 a prime number?
True
Is 159141509 a composite number?
False
Is 36813215477 composite?
True
Is 47138913929 prime?
True
Is 51798528589 a prime number?
False
Is 33921931 a composite number?
False
Is 705477347 a composite number?
True
Is 12433034681 composite?
False
Is 10480565659 prime?
True
Is 3077061437 prime?
True
Is 364938265 a prime number?
False
Is 13858971979 a composite number?
False
Is 47046312439 composite?
True
Is 1161233111 prime?
False
Is 3410314139 composite?
False
Is 322466657 a composite number?
False
Is 2519784913 composite?
False
Is 350710697 a prime number?
False
Is 7283178547 a prime number?
False
Is 44010568223 a prime number?
True
Is 1580639771 prime?
False
Is 27766996069 a composite number?
False
Is 29818806533 a composite number?
False
Is 6664719779 a prime number?
True
Is 6134683327 composite?
False
Is 5670897221 prime?
False
Is 463356989 composite?
False
Is 29000667947 a composite number?
False
Is 99646481 composite?
True
Is 12348464663 a prime number?
False
Is 1458365803 prime?
False
Is 13368588997 a composite number?
False
Is 11131996091 prime?
False
Is 3254785687 composite?
False
Is 13116138341 composite?
False
Is 2564851493 a composite number?
False
Is 43033006749 composite?
True
Is 34511349711 a composite number?
True
Is 49099798273 composite?
True
Is 9379933489 a prime number?
True
Is 38227001129 prime?
True
Is 67515726647 composite?
False
Is 759140429 prime?
False
Is 48701288345 composite?
True
Is 1405824941 prime?
False
Is 8612173421 a prime number?
False
Is 791414831 composite?
True
Is 19730844311 composite?
True
Is 135512203837 prime?
False
Is 3379252817 composite?
True
Is 167414551 composite?
False
Is 129277793465 composite?
True
Is 78005808557 a prime number?
True
Is 449706793 a composite number?
False
Is 40689992689 prime?
True
Is 2302288741 prime?
False
Is 127703058719 prime?
True
Is 127268215913 a composite number?
False
Is 1628232287 prime?
False
Is 87067993511 a composite number?
False
Is 4346426867 composite?
False
Is 617462441 prime?
True
Is 1334394317 a prime number?
False
Is 1244527013 prime?
True
Is 9104857829 prime?
False
Is 17893474607 a prime number?
True
Is 43886838166 prime?
False
Is 7637648071 a prime number?
True
Is 8017317629 composite?
True
Is 750927001 prime?
False
Is 50319168407 a prime number?
True
Is 11253760369 a prime number?
True
Is 37764727871 a composite number?
True
Is 449995487 prime?
False
Is 2264131379 a composite number?
False
Is 14015630319 prime?
False
Is 6631792117 a prime number?
True
Is 418516003 a prime number?
False
Is 354560963 composite?
False
Is 2626224031 composite?
True
Is 612257291 a prime number?
False
Is 7597249403 prime?
False
Is 32520845587 a composite number?
True
Is 247363757 a composite number?
False
Is 131705166889 a composite number?
True
Is 569662729 prime?
False
Is 3490936429 a prime number?
True
Is 26358355847 prime?
True
Is 140518409 a prime number?
False
Is 2515593415 composite?
True
Is 772357241 a composite number?
True
Is 481514807 a composite number?
True
Is 10135399487 prime?
True
Is 50920125947 prime?
False
Is 479362771 a prime number?
True
Is 13675979539 composite?
True
Is 134668927 a composite number?
True
Is 69683838163 a prime number?
False
Is 59779314719 a prime number?
True
Is 37068584693 composite?
True
Is 4016269093 composite?
False
Is 828159581 prime?
True
Is 9628782245 a composite number?
True
Is 364450535 composite?
True
Is 15633557437 prime?
True
Is 4772122295 prime?
False
Is 13995567821 a composite number?
False
Is 5571437923 a composite number?
False
Is 236571551 a composite number?
False
Is 20282705299 a prime number?
False
Is 1345051793 a prime number?
False
Is 804102679 composite?
False
Is 1379442241 a prime number?
True
Is 15006396991 composite?
True
Is 12670472557 a prime number?
False
Is 3040256873 a prime number?
True
Is 6574445503 composite?
False
Is 24423737987 a composite number?
True
Is 6108403321 a prime number?
False
Is 15384543607 a composite n